actors of 2617.
2617
What are the prime factors of 108394?
2, 11, 13, 379
List the prime factors of 537.
3, 179
What are the prime factors of 510?
2, 3, 5, 17
List the prime factors of 827.
827
List the prime factors of 1408.
2, 11
List the prime factors of 11473.
7, 11, 149
List the prime factors of 671.
11, 61
What are the prime factors of 1071?
3, 7, 17
List the prime factors of 12058.
2, 6029
What are the prime factors of 345?
3, 5, 23
What are the prime factors of 25122?
2, 3, 53, 79
List the prime factors of 38372.
2, 53, 181
List the prime factors of 1409.
1409
What are the prime factors of 21986?
2, 10993
What are the prime factors of 644?
2, 7, 23
What are the prime factors of 1179?
3, 131
What are the prime factors of 6675?
3, 5, 89
What are the prime factors of 51510?
2, 3, 5, 17, 101
What are the prime factors of 12055?
5, 2411
What are the prime factors of 807?
3, 269
What are the prime factors of 56800?
2, 5, 71
What are the prime factors of 80146?
2, 11, 3643
What are the prime factors of 517?
11, 47
What are the prime factors of 2691?
3, 13, 23
List the prime factors of 48764.
2, 73, 167
What are the prime factors of 25332?
2, 3, 2111
What are the prime factors of 10543?
13, 811
What are the prime factors of 2405?
5, 13, 37
List the prime factors of 4244.
2, 1061
List the prime factors of 6248.
2, 11, 71
List the prime factors of 107226.
2, 3, 7, 23, 37
What are the prime factors of 1521?
3, 13
List the prime factors of 8207.
29, 283
List the prime factors of 2691.
3, 13, 23
List the prime factors of 3110.
2, 5, 311
What are the prime factors of 36310?
2, 5, 3631
List the prime factors of 782.
2, 17, 23
What are the prime factors of 38053?
38053
What are the prime factors of 580?
2, 5, 29
What are the prime factors of 140364?
2, 3, 7, 557
What are the prime factors of 52879?
52879
What are the prime factors of 44915?
5, 13, 691
List the prime factors of 11849.
17, 41
What are the prime factors of 1386?
2, 3, 7, 11
What are the prime factors of 75485?
5, 31, 487
List the prime factors of 75.
3, 5
List the prime factors of 1555.
5, 311
List the prime factors of 12.
2, 3
List the prime factors of 1128.
2, 3, 47
List the prime factors of 4260.
2, 3, 5, 71
What are the prime factors of 5799?
3, 1933
List the prime factors of 1685.
5, 337
What are the prime factors of 435?
3, 5, 29
What are the prime factors of 3082?
2, 23, 67
List the prime factors of 66699.
3, 7411
List the prime factors of 2465.
5, 17, 29
What are the prime factors of 4495?
5, 29, 31
List the prime factors of 1883.
7, 269
What are the prime factors of 73902?
2, 3, 109, 113
List the prime factors of 7776.
2, 3
What are the prime factors of 3287?
19, 173
What are the prime factors of 3809?
13, 293
What are the prime factors of 15692?
2, 3923
What are the prime factors of 169879?
19, 8941
List the prime factors of 31884.
2, 3, 2657
List the prime factors of 3393.
3, 13, 29
List the prime factors of 451.
11, 41
List the prime factors of 12333.
3, 4111
What are the prime factors of 87360?
2, 3, 5, 7, 13
List the prime factors of 2636.
2, 659
List the prime factors of 929.
929
What are the prime factors of 3495?
3, 5, 233
List the prime factors of 24548.
2, 17, 19
List the prime factors of 544.
2, 17
List the prime factors of 5016.
2, 3, 11, 19
What are the prime factors of 2291?
29, 79
What are the prime factors of 11290?
2, 5, 1129
What are the prime factors of 9462?
2, 3, 19, 83
What are the prime factors of 29531?
29531
List the prime factors of 819.
3, 7, 13
What are the prime factors of 4726?
2, 17, 139
List the prime factors of 34593.
3, 13, 887
What are the prime factors of 5695?
5, 17, 67
List the prime factors of 6546.
2, 3, 1091
What are the prime factors of 7012?
2, 1753
What are the prime factors of 4084?
2, 1021
List the prime factors of 69318.
2, 3, 3851
What are the prime factors of 83245?
5, 16649
List the prime factors of 4582.
2, 29, 79
List the prime factors of 14051.
14051
List the prime factors of 3553.
11, 17, 19
List the prime factors of 4220.
2, 5, 211
What are the prime factors of 102614?
2, 51307
What are the prime factors of 17616?
2, 3, 367
What are the prime factors of 48037?
11, 397
List the prime factors of 1123.
1123
List the prime factors of 8237.
8237
What are the prime factors of 72417?
3, 101, 239
What are the prime factors of 3521?
7, 503
List the prime factors of 7716.
2, 3, 643
What are the prime factors of 79443?
3, 7, 13, 97
What are the prime factors of 496?
2, 31
List the prime factors of 63291.
3, 17, 73
List the prime factors of 473.
11, 43
What are the prime factors of 131?
131
What are the prime factors of 16875?
3, 5
What are the prime factors of 12677?
7, 1811
List the prime factors of 9423.
3, 349
What are the prime factors of 4779?
3, 59
List the prime factors of 763.
7, 109
What are the prime factors of 9315?
3, 5, 23
What are the prime factors of 31895?
5, 6379
List the prime factors of 776.
2, 97
What are the prime factors of 4387?
41, 107
List the prime factors of 13709.
13709
What are the prime factors of 69609?
3, 23203
What are the prime factors of 3224?
2, 13, 31
List the prime factors of 3021.
3, 19, 53
What are the prime factors of 146?
2, 73
List the prime factors of 5943.
3, 7, 283
What are the prime factors of 379?
379
What are the prime factors of 107815?
5, 21563
What are the prime factors of 31603?
11, 13, 17
What are the prime factors of 83428?
2, 20857
What are the prime factors of 7440?
2, 3, 5, 31
List the prime factors of 452.
2, 113
List the prime factors of 11290.
2, 5, 1129
What are the prime factors of 231?
3, 7, 11
List the prime factors of 5442.
2, 3, 907
What are the prime factors of 12?
2, 3
List the prime factors of 17774.
2, 8887
What are the prime factors of 19?
19
List the prime factors of 3298.
2, 17, 97
List the prime factors of 22653.
3, 839
List the prime factors of 35392.
2, 7, 79
What are the prime factors of 99314?
2, 17, 23, 127
What are the prime factors of 481?
13, 37
List the prime factors of 23295.
3, 5, 1553
List the prime factors of 33332.
2, 13, 641
What are the prime factors of 849?
3, 283
List the prime factors of 1760.
2, 5, 11
List the prime factors of 681.
3, 227
List the prime factors of 16789.
103, 163
What are the prime factors of 617?
617
List the prime factors of 232.
2, 29
What are the prime factors of 19038?
2, 3, 19, 167
What are the prime factors of 5685?
3, 5, 379
What are the prime factors of 402?
2, 3, 67
List the prime factors of 471.
3, 157
What are the prime factors of 17172?
2, 3, 53
What are the prime factors of 1348?
2, 337
List the prime factors of 335.
5, 67
List the prime factors of 4050.
2, 3, 5
List the prime factors of 3986.
2, 1993
What are the prime factors of 43029?
3, 7, 683
List the prime factors of 77576.
2, 9697
What are the prime factors of 1398?
2, 3, 233
What are the prime factors of 1803?
3, 601
List the prime factors of 1145.
5, 229
List the prime factors of 5580.
2, 3, 5, 31
List the prime factors of 747.
3, 83
What are the prime factors of 8862?
2, 3, 7, 211
What are the prime factors of 4387?
41, 107
What are the prime factors of 29659?
7, 19, 223
List the prime factors of 19938.
2, 3, 3323
List the prime factors of 20825.
5, 7, 17
List the prime factors of 2715.
3, 5, 181
List the prime factors of 1285.
5, 257
List the prime factors of 3037.
3037
List the prime factors of 145197.
3, 13, 17, 73
List the prime factors of 140329.
7, 20047
List the prime factors of 12415.
5, 13, 191
List the prime factors of 1367.
1367
What are the prime factors of 538?
2, 269
List the prime factors of 76136.
2, 31, 307
What are the prime factors of 28725?
3, 5, 383
What are the prime factors of 394?
2, 197
List the prime factors of 4275.
3, 5, 19
What are the prime factors of 13183?
13183
What are the prime factors of 18?
2, 3
What are the prime factors of 10354?
2, 31, 167
What are the prime factors of 1636?
2, 409
What are the prime factors of 2283?
3, 761
List the prime factors of 2234.
2, 1117
List the prime factors of 879.
3, 293
List the prime factors of 12641.
12641
List the prime factors of 156024.
2, 3, 11, 197
List the prime factors of 7947.
3, 883
List the prime factors of 13309.
13309
What are the prime factors of 57182?
2, 28591
